*h + 16. What are the prime factors of y(h)?
23
Suppose -2*a = 2*a - m - 7, -4*a - 4*m = 8. List the prime factors of 57 - (2 - (-3 + a)).
53
Let z be ((-1)/(-3))/((-1)/(-12)). Let a = 107 + -37. Suppose -z*f = -2*l - a, 5*l = 2*l - 9. What are the prime factors of f?
2
Let q be (-3 + 0)*(-14)/(-3). Let g be q/(-35) - (-194)/(-10). Let f = 42 + g. List the prime factors of f.
23
Let y = 16 + 1. Let g = 17 - y. Suppose -9 = -3*p - g. List the prime factors of p.
3
Let b(a) = a - 1. Let n(k) = -9*k + 5. Let w(v) = 4*b(v) + n(v). Let i be w(1). List the prime factors of 348/8 + (-6)/i.
3, 5
Let m be (45/(-20))/((-3)/8). Suppose -3*d = 4*u - 24, 6 = 3*d - m. Suppose -o = 5*i - 4*o - 90, 2*i + u*o = 57. List the prime factors of i.
3, 7
Suppose -2*z = -17 + 9. Let h be ((-50)/4)/((-1)/z). Suppose 2*l - 4*l = -m + h, -2*m - l = -110. List the prime factors of m.
2, 3
Let y be ((-504)/(-32))/((-3)/(-8)). Suppose y*u - 696 = 38*u. List the prime factors of u.
2, 3, 29
Suppose -32 + 636 = 2*s - 5*r, -2*s = 5*r - 604. List the prime factors of s.
2, 151
List the prime factors of 2/8 + 75667/68.
3, 7, 53
Let o(p) = -6*p**2 - 4*p + 1 - 2 - 1 + 3*p. Let q be o(2). What are the prime factors of q/(-42) - (-434)/6?
73
Suppose -c + 6*c = 15. Suppose -c*y + 9 = -g + 2, -g = 1. Suppose 5*f - y*l = 195 + 34, 0 = 2*f - 3*l - 85. List the prime factors of f.
47
Let m = 26 - 38. Let l = m - -9. List the prime factors of 64/6 - l/9.
11
Suppose g - 102 = -5*m, -2*m - g + 36 = g. Suppose -4*a + m = r, -3*r + 0*a + 4*a - 17 = 0. Let w = r - -4. What are the prime factors of w?
5
Suppose -3*a + w + 904 = -2258, -3*w - 3168 = -3*a. List the prime factors of a.
3, 13
Suppose l + p - 2*p - 49 = 0, 0 = -p + 4. Let t = l - 25. Let o = t + -9. What are the prime factors of o?
19
Let i = 3 - 1. Suppose i*u = -3*j + 111, -2*j = 3*u - 8*u + 287. What are the prime factors of u?
3, 19
Let p = 262 - 120. Suppose 3*h + p = 5*v, -v + 74 = 2*v + h. Let f = v - 20. List the prime factors of f.
2, 3
Let r be ((-4)/(32/(-44)))/((-1)/14). What are the prime factors of -1*r*(2 + -1)?
7, 11
Let r(x) = -75*x - 2 + 62*x - 2. What are the prime factors of r(-5)?
61
Let m(h) = 59*h**2 - 7*h - 2. Let o be (-36)/(-21) + 9/((-126)/(-4)). List the prime factors of m(o).
2, 5, 11
Let o = -17 - -19. Suppose -2*l + 164 = -4*b + 40, -5*l + o*b = -334. What are the prime factors of l?
2, 17
Suppose 4*t - 48 = t. Let m(f) = -f**2 + 17*f + 8. What are the prime factors of m(t)?
2, 3
Let a(d) = 16*d**2 - d + 91. List the prime factors of a(-8).
1123
Let w(v) = -16*v**3 + v + 1. Let r be w(-1). Let o = r - 10. Let c = o - -2. List the prime factors of c.
2
Let o(p) = p**3 + 7*p**2 + 2*p - 14. Let s be o(-6). Suppose s*v = 2*v + 744. List the prime factors of v.
3, 31
Let w(s) be the first derivative of 2*s**2 - 12*s + 39. List the prime factors of w(4).
2
What are the prime factors of (2/(-4))/(7*(-1)/37898)?
2707
List the prime factors of (-135303)/(-238)*(7/3 + 1).
5, 379
Suppose 3*d - 5*d + 2369 = u, -3*u = 4*d - 7113. What are the prime factors of u?
5, 19
Let w(h) = 2*h**2 - 5*h + 9. Suppose -z - 14 + 17 = 0. Let j be z/((-1)/4 + 1). What are the prime factors of w(j)?
3, 7
Let y(i) = i**3 - 19*i**2 + 42*i + 3. Let f be y(17). Let v = -54 + f. What are the prime factors of v?
5, 17
Suppose 0*c + 19 = 2*c + 3*y, -4*y = 2*c - 18. Suppose -3*n + 10 = 1, -3*n - c = -4*q. Suppose q*x = 6 + 124. What are the prime factors of x?
2, 13
Let o be -5 + 1 + 16/(12/3). Suppose -n + 4*u + 210 = o, 293 = 5*n + u - 736. What are the prime factors of n?
2, 103
Suppose 2*l + l = -3*t + 5622, 2*l - 5*t = 3713. List the prime factors of l.
3, 7, 89
Let u(h) = 2 - 9 + 1 - 19*h + 2*h**2. What are the prime factors of u(10)?
2
Let d be -3*8/(24/(-5)). Let o(w) = 27*w - 22. List the prime factors of o(d).
113
Let c = -6330 + 8914. What are the prime factors of c?
2, 17, 19
Let p(z) = -21*z - 7. Let o be p(10). Let v = 315 + o. What are the prime factors of v?
2, 7
Let b be 54/8 - 8/(-32). Suppose -236 = 3*t - b*t. List the prime factors of t.
59
Let l be (-9)/(-3) - 2/(2/(-57)). Suppose 4*f = 7*f - l. What are the prime factors of f?
2, 5
Let o be (4*-2)/(-4)*1. What are the prime factors of (o - 3)/(2/(-150) + 0)?
3, 5
Let g be (277 + -15)*1/2. Let q = g - 74. What are the prime factors of q?
3, 19
Let v(u) = u**3 + 9*u**2 + 7*u + 2. Let p be v(-8). Let s = -14 + p. List the prime factors of (s/(-3) + -1)*15.
5
Let a(k) = -6*k**3 + 2*k**2 - 4*k + 2. Let h be a(1). Let l(t) = -29*t + 85. List the prime factors of l(h).
7, 37
Suppose -w + 4*g = -3*w + 668, 3*g + 1683 = 5*w. What are the prime factors of w?
2, 3, 7
Suppose z + 4*z - 99 = w, -w - 4*z - 72 = 0. List the prime factors of (-6 - -4)*1 + (-1 - w).
3
Suppose -u = -5355 + 2837. What are the prime factors of u?
2, 1259
Let f(i) = i**3 - 26*i**2 + 27*i - 150. What are the prime factors of f(27)?
2, 3, 109
Suppose -23*a + 7421 = -3734. What are the prime factors of a?
5, 97
List the prime factors of 8021/39 + (-1 - 2/(-6)).
5, 41
Suppose -10*b + 6655 = b. Suppose b = -0*o + 5*o - 5*w, -353 = -3*o + w. What are the prime factors of o?
2, 29
List the prime factors of 2/3*(3609 - -72).
2, 3, 409
Let d be 0/(-4 - 7/(-1)). Suppose -4*q + 25 - 13 = d. List the prime factors of q.
3
Let u be (0 - 0)/(5 - (3 - -1)). Suppose -11*m + 4*m + 1687 = u. List the prime factors of m.
241
Let g be 270/63 - 4/14. Suppose -4*k - 12 = 0, 0*p = g*p - 2*k - 490. List the prime factors of p.
11
Let h be ((-20)/6)/((-6)/9). Suppose 2*k - 4 = -0*k - 2*v, -h*k - 10 = -5*v. Suppose -17 = -r - k. What are the prime factors of r?
17
Let f = 11 - -101. List the prime factors of f.
2, 7
Let g(j) = -j**3 - 39*j**2 - 37*j - 134. List the prime factors of g(-39).
7, 11, 17
Let h(g) = -g**3 + 27*g**2 + 9*g + 2. What are the prime factors of h(27)?
5, 7
What are the prime factors of (4 - 59970/45)/((-4)/6)?
1993
Suppose -3*a + 8 - 5 = 0. Suppose -c - 2*p = -3*p + a, c = 5*p - 9. What are the prime factors of 15 + (3/1 - c)?
17
Suppose 0 = -l - 6*l + 147. Let b = 39 - l. What are the prime factors of b?
2, 3
Let v = -1382 + 1968. List the prime factors of v.
2, 293
Let h be 5*(-5)/((-20)/(-68)). Let q = h - -161. List the prime factors of q.
2, 19
Let g(v) = 16*v**2 + 4*v + 14. Let q = -8 - -1. Let j(x) = -5*x**2 - x - 5. Let b(h) = q*j(h) - 2*g(h). List the prime factors of b(-4).
59
Suppose 4*b + 227 = -5*t + 18, 3*b = t - 171. Let a = b + 93. What are the prime factors of a?
37
Let s be 4476/(-16) + 3*(-3)/36. List the prime factors of (-36)/14*s/30.
2, 3
Let t = 14 + 40. Suppose 62 = 5*y - 3*j - t, -4*y + 5*j = -85. List the prime factors of y.
5
Let x(f) = 12*f - 1. Let b(r) = 11*r - 1. Let y(a) = -3*b(a) + 2*x(a). Let v be y(-1). Let n = -4 + v. List the prime factors of n.
2, 3
Suppose 0 = 4*w - 5*w + 5. Suppose z - 20 = 2*y + w*z, 2*y - z - 5 = 0. Let f(d) = -d**3 + d + 53. List the prime factors of f(y).
53
Let x(t) = -t**3 - 9*t**2 - 2*t - 2. Let i be 4/(-26) + (-2094)/78. Let o = 18 + i. List the prime factors of x(o).
2
Let w = 2633 + -812. List the prime factors of w.
3, 607
Let l(d) = 42*d + 5. Suppose 3*u = -7 + 13. What are the prime factors of l(u)?
89
Suppose -5*k = -5, k + 134 = -0*u - 5*u. Suppose j + 0*j = -2, 0 = c + 4*j + 10. Let f = c - u. List the prime factors of f.
5
Suppose 4*i + 2*h - h = 21, -4*h - 21 = -5*i. Suppose -i*r = -6*r + 9. List the prime factors of 16 - r - (1 - -2).
2
Suppose -6*o + 58 + 32 = 0. What are the prime factors of o?
3, 5
Let u be (486/12)/9*(-8)/(-18). Suppose 0 = -g - u*g + 108. What are the prime factors of g?
2, 3
Suppose 5490 = -4*o + 10*o. List the prime factors of o.
3, 5, 61
Let b(v) = v**2 - 9*v + 10. Let a(g) = -g - 2. Let n be a(-10). Let i be b(n). Suppose 2*h = -i*h + 28. What are the prime factors of h?
7
Let n = -24 - -28. Suppose -33 = -3*k - 4*v, n*v - 37 = -4*k + v. Suppose 278 = 4*r + 5*q, k*r - 4*q - 193 = 4*r. List the prime factors of r.
67
Suppose r + 4*r = 510. List the prime factors of r.
2, 3, 17
Suppose -12 = -5*g + 18. Let p = 10 - g. Suppose -5*w - 5*v + 145 = 0, -4*v + p = -2*v. List the prime factors of w.
3
Let t(m) = -589*m - 21. What are the prime factors of t(-2)?
13, 89
Suppose 15 = m + 2*m + 3*y, 5*y - 7 = 4*m. Wh